{"id":357,"date":"2018-05-08T08:23:26","date_gmt":"2018-05-08T12:23:26","guid":{"rendered":"https:\/\/www.aquanext.cl\/bienvenida\/?page_id=357"},"modified":"2020-10-04T10:31:57","modified_gmt":"2020-10-04T14:31:57","slug":"proceso-de-purificacion-del-agua","status":"publish","type":"page","link":"https:\/\/www.aquanext.cl\/bienvenida\/proceso-de-purificacion-del-agua\/","title":{"rendered":"Proceso de purificaci\u00f3n del agua"},"content":{"rendered":"<hr \/>\n<p><img fetchpriority=\"high\" decoding=\"async\" class=\"aligncenter size-full wp-image-352\" src=\"https:\/\/www.aquanext.cl\/wp-content\/uploads\/2018\/05\/Planta-AQUANEXT.jpg\" alt=\"\" width=\"1360\" height=\"428\" srcset=\"https:\/\/www.aquanext.cl\/wp-content\/uploads\/2018\/05\/Planta-AQUANEXT.jpg 1360w, https:\/\/www.aquanext.cl\/wp-content\/uploads\/2018\/05\/Planta-AQUANEXT-416x131.jpg 416w, https:\/\/www.aquanext.cl\/wp-content\/uploads\/2018\/05\/Planta-AQUANEXT-300x94.jpg 300w, https:\/\/www.aquanext.cl\/wp-content\/uploads\/2018\/05\/Planta-AQUANEXT-768x242.jpg 768w, https:\/\/www.aquanext.cl\/wp-content\/uploads\/2018\/05\/Planta-AQUANEXT-1024x322.jpg 1024w\" sizes=\"(max-width: 1360px) 100vw, 1360px\" \/><\/p>\n<hr \/>\n<h2><span style=\"color: #333333;\">En <strong>AQUANEXT<\/strong> \u00abVida y salud que bebemos\u00bb contamos con un gran equipamiento para procesar el agua, gracias a esto, nuestro producto logra alcanzar un alto nivel de pureza y calidad.<\/span><p><\/p>\n<p><span style=\"color: #333333;\">El proceso de purificaci\u00f3n de AQUANEXT consiste en 10 etapas:<\/span><\/p>\n<\/h2>\n<h2><em><span style=\"color: #333333;\">\u2022&nbsp;<\/span><\/em><em><span style=\"color: #333333;\">Tren primario de filtraci\u00f3n hacia tanque de agua dura.<\/span><\/em><p><\/p>\n<p><span style=\"color: #333333;\">Antes de ingresar el agua al estanque primario, retenemos part\u00edculas de 20 micras del agua obtenida de la red.<\/span><\/p>\n<\/h2>\n<h2><em><span style=\"color: #333333;\">\u2022 <\/span><\/em><em><span style=\"color: #333333;\">Tanque de Filtro de arena de cuarzo.<\/span><\/em><p><\/p>\n<p><span style=\"color: #333333;\">Retiene todas las part\u00edculas m\u00e1s grandes en suspensi\u00f3n presentes en el agua, como resultado obtenemos una excelente cristalinidad.<\/span><\/p>\n<\/h2>\n<h2><em><span style=\"color: #333333;\">\u2022 <\/span><\/em><em><span style=\"color: #333333;\">Tanque de Filtro de carb\u00f3n activo.<\/span><\/em><p><\/p>\n<p><span style=\"color: #333333;\">Elimina el cloro y compuestos que pueden darle sabor, color y olor al agua.<\/span><\/p>\n<p><em><span style=\"color: #333333;\">\u2022 Tanque de Resina de intercambio i\u00f3nico (Suavizador | Ablandador)<\/span><\/em><\/p>\n<p><span style=\"color: #333333;\">Suavizador o ablandador de agua, es un intercambio de iones el cual elimina el calcio y magnesio \u00abCalcio Ca2 + y Magnesio Mg2 +\u00bb, \u00e9stos son intercambiados por iones de sodio. Es decir, mediante la sustituci\u00f3n de magnesio y calcio (Mg2 + y Ca2 +) por sodio o iones de potasio (Na + y K +) \u201c.La suavizaci\u00f3n del agua es un proceso que soluciona un problema conocido como \u201cagua dura\u201d.<\/span><\/p>\n<\/h2>\n<h2><em><span style=\"color: #333333;\">\u2022&nbsp;<\/span><span style=\"color: #333333;\">Tren intermedio de filtraci\u00f3n<\/span><\/em><p><\/p>\n<p><span style=\"color: #333333;\">Retiene part\u00edculas peque\u00f1as hasta 5 micras antes de ingresar al proceso de osmosis inversa.<\/span><\/p>\n<\/h2>\n<h2><em><span style=\"color: #333333;\">\u2022&nbsp;<\/span><span style=\"color: #333333;\">Osmosis inversa<\/span><\/em><p><\/p>\n<p><span style=\"color: #333333;\">Elimina sales minerales contenidas en el agua, con \u00e9ste proceso se logra una excelente y \u00f3ptima pureza para el consumo de las personas, evitando la formaci\u00f3n de c\u00e1lculos renales entre otras enfermedades.<\/span><\/p>\n<\/h2>\n<h2><em><span style=\"color: #333333;\">\u2022&nbsp;<\/span><span style=\"color: #333333;\">Luz ultravioleta<\/span><\/em><p><\/p>\n<p><span style=\"color: #333333;\">Esterilizaci\u00f3n del agua. La luz UV es un intervalo de longitud de onda espec\u00edfico, clasificada como germicida, es decir, deja inactivas bacterias, virus y protozoos. La luz UV no afecta el medio ambiente, no deja sustancias qu\u00edmicas ni residuos, tampoco altera la composici\u00f3n o propiedades del agua y es muy eficaz en la protecci\u00f3n frente a microorganismos perjudiciales.<\/span><\/p>\n<\/h2>\n<h2><em><span style=\"color: #333333;\">\u2022<\/span><span style=\"color: #333333;\">&nbsp;<\/span><span style=\"color: #333333;\">Tren final de filtraci\u00f3n<\/span><\/em><p><\/p>\n<p><span style=\"color: #333333;\">Retiene part\u00edculas diminutas entre 0,5 y 1 micras, asegurando un agua libre de cualquier contaminante.<\/span><\/p>\n<\/h2>\n<h2><em><span style=\"color: #333333;\">\u2022&nbsp;<\/span><span style=\"color: #333333;\">Desinfecci\u00f3n por Ozono<\/span><\/em><p><\/p>\n<p><span style=\"color: #333333;\">Este proceso cumple la funci\u00f3n de inyectar gas ozono al agua, asegurando una m\u00e1xima desinfecci\u00f3n.<\/span><\/p>\n<p><span style=\"color: #333333;\">El ozono es uno de los desinfectantes m\u00e1s eficaces que existen, no deja residuos, es compatible con otros tratamientos, no afecta el pH, no colorea el agua y una de las principales ventajas de su uso es la conversi\u00f3n del ozono en ox\u00edgeno, sin dejar ning\u00fan residuo qu\u00edmico perjudicial en el agua.<\/span><\/p>\n<\/h2>\n<h2><em><span style=\"color: #333333;\">\u2022&nbsp;<\/span><span style=\"color: #333333;\">Sanitizado de botellones<\/span><\/em><p><\/p>\n<p><span style=\"color: #333333;\">Todos los botellones son impeccionados antes del proceso de sanitizado, luego se se ingresan a una m\u00e1quina de lavado con un sanitizante sanitario especial. Los bidones son lavados y desinfectados tanto al interior como el exterior, para terminar se enjuagan con agua purificada.<\/span><\/p>\n<\/h2>\n<h2><em><span style=\"color: #333333;\">\u2022&nbsp;<\/span><span style=\"color: #333333;\">Llenado de botellones<\/span><\/em><p><\/p>\n<p><span style=\"color: #333333;\">Una vez cumplido el proceso anterior, se procede al llenado, tapado, sellado, etiquetado y fechado<\/span><\/p>\n<\/h2>\n<h2><em><span style=\"color: #333333;\">\u2022<\/span><span style=\"color: #333333;\">&nbsp;<\/span><span style=\"color: #333333;\">Distribuci\u00f3n<\/span><\/em><p><\/p>\n<p><span style=\"color: #333333;\">Finalmente nuestro producto es distribuido a todos nuestros clientes a trav\u00e9s de veh\u00edculos cerrados y herm\u00e9ticos protegiendo el producto del polvo y la exposici\u00f3n al sol. De esta manera mantenemos intacto el producto desde la planta a nuestros clientes.<\/span><\/p>\n<\/h2><p><\/p>","protected":false},"excerpt":{"rendered":"<p>En AQUANEXT \u00abVida y salud que bebemos\u00bb contamos con un gran equipamiento para procesar el agua, gracias a esto, nuestro producto logra alcanzar un alto nivel de pureza y calidad. El proceso de purificaci\u00f3n de AQUANEXT consiste en 10 etapas: \u2022&nbsp;Tren primario de filtraci\u00f3n hacia tanque de agua dura. Antes de ingresar el agua al [&hellip;]<\/p>\n","protected":false},"author":1,"featured_media":0,"parent":0,"menu_order":0,"comment_status":"closed","ping_status":"closed","template":"template-fullwidth.php","meta":{"footnotes":""},"class_list":["post-357","page","type-page","status-publish","hentry"],"_links":{"self":[{"href":"https:\/\/www.aquanext.cl\/bienvenida\/wp-json\/wp\/v2\/pages\/357"}],"collection":[{"href":"https:\/\/www.aquanext.cl\/bienvenida\/wp-json\/wp\/v2\/pages"}],"about":[{"href":"https:\/\/www.aquanext.cl\/bienvenida\/wp-json\/wp\/v2\/types\/page"}],"author":[{"embeddable":true,"href":"https:\/\/www.aquanext.cl\/bienvenida\/wp-json\/wp\/v2\/users\/1"}],"replies":[{"embeddable":true,"href":"https:\/\/www.aquanext.cl\/bienvenida\/wp-json\/wp\/v2\/comments?post=357"}],"version-history":[{"count":8,"href":"https:\/\/www.aquanext.cl\/bienvenida\/wp-json\/wp\/v2\/pages\/357\/revisions"}],"predecessor-version":[{"id":712,"href":"https:\/\/www.aquanext.cl\/bienvenida\/wp-json\/wp\/v2\/pages\/357\/revisions\/712"}],"wp:attachment":[{"href":"https:\/\/www.aquanext.cl\/bienvenida\/wp-json\/wp\/v2\/media?parent=357"}],"curies":[{"name":"wp","href":"https:\/\/api.w.org\/{rel}","templated":true}]}}