{"id":70,"date":"2017-08-02T07:23:33","date_gmt":"2017-08-02T11:23:33","guid":{"rendered":"http:\/\/www.aquanext.cl\/?page_id=70"},"modified":"2018-06-14T13:56:32","modified_gmt":"2018-06-14T17:56:32","slug":"somos","status":"publish","type":"page","link":"https:\/\/www.aquanext.cl\/bienvenida\/somos\/","title":{"rendered":"Quienes somos"},"content":{"rendered":"<p style=\"text-align: right;\"><img fetchpriority=\"high\" decoding=\"async\" class=\"wp-image-227 alignleft\" style=\"font-family: Tahoma, sans-serif;\" src=\"https:\/\/www.aquanext.cl\/wp-content\/uploads\/2018\/04\/vasos-con-agua-e1525897918883.jpg\" alt=\"\" width=\"405\" height=\"275\" srcset=\"https:\/\/www.aquanext.cl\/wp-content\/uploads\/2018\/04\/vasos-con-agua-e1525897918883.jpg 468w, https:\/\/www.aquanext.cl\/wp-content\/uploads\/2018\/04\/vasos-con-agua-e1525897918883-300x204.jpg 300w, https:\/\/www.aquanext.cl\/wp-content\/uploads\/2018\/04\/vasos-con-agua-e1525897918883-416x283.jpg 416w\" sizes=\"(max-width: 405px) 100vw, 405px\" \/><\/p>\n<p style=\"text-align: left;\"><span style=\"color: #808080;\"><span style=\"font-family: Tahoma, sans-serif;\"><span style=\"font-family: Tahoma, sans-serif;\">AQUANEXT \u00abVida y salud que bebemos\u00bb l<\/span><\/span><span style=\"font-family: Tahoma, sans-serif;\"><span style=\"font-family: Tahoma, sans-serif;\">es da la bienvenida\u00a0a un conce<\/span><\/span><span style=\"font-family: Tahoma, sans-serif;\"><span style=\"font-family: Tahoma, sans-serif;\">pto distinto y permanente.<br \/>\n<\/span><\/span><span style=\"font-family: Tahoma, sans-serif;\">Somos una empresa <\/span><span style=\"font-family: Tahoma, sans-serif;\">familiar dedicada a la extracci\u00f3n<\/span><span style=\"font-family: Tahoma, sans-serif;\">\u00a0de todos\u00a0los elementos qu\u00edmicos y biol\u00f3gicos contenidos en\u00a0el agua que llega a nuestros hogares.<br \/>\n<\/span><span style=\"font-family: Tahoma, sans-serif;\">Con nuestro estricto proceso de filtrado hemos alcanzado <\/span><span style=\"font-family: Tahoma, sans-serif;\">una m\u00e1xima purificaci\u00f3n. Logramos un agua suave, ins\u00edpida, incolora y\u00a0<\/span><span style=\"font-family: Tahoma, sans-serif;\">carente de olor. Al<\/span><span style=\"font-family: Tahoma, sans-serif;\">\u00a0beber nuestra agua\u00a0<\/span><span style=\"font-family: Tahoma, sans-serif;\">mejoramos notablemente el funcionamiento\u00a0de nuestro o<\/span><span style=\"font-family: Tahoma, sans-serif;\">rganismo, de manera que nuestra salud es\u00a0<\/span><span style=\"font-family: Tahoma, sans-serif;\">la principal beneficiada.<\/span><\/span><\/p>\n<p style=\"text-align: left;\"><span style=\"color: #808080;\"><span style=\"font-family: Tahoma, sans-serif;\"> Nuestra cultura organizacional es entregar un producto de excelente calidad y con total transparencia hacia nuestros\u00a0<\/span><span style=\"font-family: Tahoma, sans-serif;\">clientes,\u00a0lo cual queda reflejado en su confianza. Gracias por preferirnos&#8230;<\/span><\/span><\/p>\n<p style=\"text-align: center;\"><span style=\"color: #808080;\"><span style=\"font-family: Tahoma, sans-serif;\">U<\/span><\/span><span style=\"color: #808080;\"><span style=\"font-family: Tahoma, sans-serif;\">bicaci\u00f3n:<br \/>\n[wpgmza id=\u00bb1&#8243;]<\/span><\/span><\/p>\n<p style=\"text-align: center;\"><span style=\"color: #808080;\"><span style=\"font-family: Tahoma, sans-serif;\"><br \/>\nAQUANEXT<br \/>\n\u00abVida y salud que bebemos\u00bb<\/span><\/span><\/p>\n","protected":false},"excerpt":{"rendered":"<p>AQUANEXT \u00abVida y salud que bebemos\u00bb les da la bienvenida\u00a0a un concepto distinto y permanente. Somos una empresa familiar dedicada a la extracci\u00f3n\u00a0de todos\u00a0los elementos qu\u00edmicos y biol\u00f3gicos contenidos en\u00a0el agua que llega a nuestros hogares. Con nuestro estricto proceso de filtrado hemos alcanzado una m\u00e1xima purificaci\u00f3n. Logramos un agua suave, ins\u00edpida, incolora y\u00a0carente de [&hellip;]<\/p>\n","protected":false},"author":1,"featured_media":0,"parent":0,"menu_order":0,"comment_status":"closed","ping_status":"closed","template":"","meta":{"footnotes":""},"class_list":["post-70","page","type-page","status-publish","hentry"],"_links":{"self":[{"href":"https:\/\/www.aquanext.cl\/bienvenida\/wp-json\/wp\/v2\/pages\/70"}],"collection":[{"href":"https:\/\/www.aquanext.cl\/bienvenida\/wp-json\/wp\/v2\/pages"}],"about":[{"href":"https:\/\/www.aquanext.cl\/bienvenida\/wp-json\/wp\/v2\/types\/page"}],"author":[{"embeddable":true,"href":"https:\/\/www.aquanext.cl\/bienvenida\/wp-json\/wp\/v2\/users\/1"}],"replies":[{"embeddable":true,"href":"https:\/\/www.aquanext.cl\/bienvenida\/wp-json\/wp\/v2\/comments?post=70"}],"version-history":[{"count":22,"href":"https:\/\/www.aquanext.cl\/bienvenida\/wp-json\/wp\/v2\/pages\/70\/revisions"}],"predecessor-version":[{"id":454,"href":"https:\/\/www.aquanext.cl\/bienvenida\/wp-json\/wp\/v2\/pages\/70\/revisions\/454"}],"wp:attachment":[{"href":"https:\/\/www.aquanext.cl\/bienvenida\/wp-json\/wp\/v2\/media?parent=70"}],"curies":[{"name":"wp","href":"https:\/\/api.w.org\/{rel}","templated":true}]}}